when 1502140 is divided by 4082?
4046
What is the remainder when 6609672 is divided by 124710?
42
Calculate the remainder when 204260516 is divided by 30.
26
Calculate the remainder when 179555 is divided by 179518.
37
What is the remainder when 4989121 is divided by 831519?
7
Calculate the remainder when 5451347 is divided by 844.
795
Calculate the remainder when 301468 is divided by 509.
140
What is the remainder when 801151 is divided by 68?
43
What is the remainder when 918718 is divided by 106?
16
What is the remainder when 1568423 is divided by 19126?
91
What is the remainder when 1825104 is divided by 608366?
6
What is the remainder when 472967 is divided by 102?
95
What is the remainder when 188094 is divided by 225?
219
What is the remainder when 14815821 is divided by 62?
53
Calculate the remainder when 1731597 is divided by 28.
21
What is the remainder when 544755 is divided by 68033?
491
What is the remainder when 173815057 is divided by 2432?
17
Calculate the remainder when 591347 is divided by 197113.
8
What is the remainder when 25092 is divided by 1189?
123
Calculate the remainder when 377115 is divided by 1552.
1531
What is the remainder when 42361 is divided by 222?
181
Calculate the remainder when 1637057 is divided by 2860.
1137
What is the remainder when 336439 is divided by 105?
19
Calculate the remainder when 31889 is divided by 20.
9
What is the remainder when 59738 is divided by 2848?
2778
Calculate the remainder when 695596 is divided by 1320.
1276
Calculate the remainder when 4158839 is divided by 302.
299
What is the remainder when 207507 is divided by 5754?
363
Calculate the remainder when 7446599 is divided by 12.
11
What is the remainder when 145699576 is divided by 8465?
8461
What is the remainder when 178378 is divided by 3168?
970
Calculate the remainder when 334404 is divided by 30397.
37
Calculate the remainder when 4988564 is divided by 2494229.
106
Calculate the remainder when 27664622 is divided by 772.
2
Calculate the remainder when 733120 is divided by 837.
745
What is the remainder when 150276 is divided by 21466?
14
Calculate the remainder when 39909413 is divided by 184.
181
What is the remainder when 49157 is divided by 44301?
4856
What is the remainder when 295326 is divided by 3838?
3638
Calculate the remainder when 576482 is divided by 576295.
187
What is the remainder when 2221389 is divided by 1316?
1297
What is the remainder when 5202013 is divided by 10200?
13
Calculate the remainder when 24930074 is divided by 6232497.
86
Calculate the remainder when 62140699 is divided by 20713552.
43
What is the remainder when 18506361 is divided by 166723?
108
Calculate the remainder when 210891803 is divided by 63.
59
Calculate the remainder when 12127522 is divided by 2425504.
2
What is the remainder when 225957 is divided by 15463?
9475
What is the remainder when 6354661 is divided by 706073?
4
Calculate the remainder when 3203284 is divided by 5.
4
Calculate the remainder when 2761563 is divided by 50208.
123
What is the remainder when 5040188 is divided by 116?
104
Calculate the remainder when 8941540 is divided by 1048.
4
What is the remainder when 3052291 is divided by 205?
46
Calculate the remainder when 116346 is divided by 929.
221
What is the remainder when 10412766 is divided by 84?
42
Calculate the remainder when 9978 is divided by 574.
220
What is the remainder when 143520270 is divided by 1571?
1565
Calculate the remainder when 7584076 is divided by 2966.
14
What is the remainder when 16588190 is divided by 3317632?
30
Calculate the remainder when 177702 is divided by 283.
261
What is the remainder when 5635387 is divided by 1127074?
17
What is the remainder when 246600 is divided by 1485?
90
What is the remainder when 79634 is divided by 501?
476
What is the remainder when 503206 is divided by 502925?
281
What is the remainder when 57440573 is divided by 94?
87
What is the remainder when 1344954 is divided by 22138?
16674
What is the remainder when 65723800 is divided by 977?
33
Calculate the remainder when 19729146 is divided by 214447.
22
What is the remainder when 227235 is divided by 113607?
21
Calculate the remainder when 3582492 is divided by 7448.
4
What is the remainder when 535810 is divided by 28197?
67
What is the remainder when 15182712 is divided by 15182674?
38
What is the remainder when 23939822 is divided by 103?
47
What is the remainder when 421921 is divided by 191?
2
What is the remainder when 921532 is divided by 460722?
88
Calculate the remainder when 334137 is divided by 33.
12
What is the remainder when 69899358 is divided by 941?
937
What is the remainder when 1095324 is divided by 229?
17
Calculate the remainder when 346225 is divided by 172954.
317
What is the remainder when 2462298 is divided by 1309?
69
What is the remainder when 648773 is divided by 8315?
203
Calculate the remainder when 8515550 is divided by 1347.
1163
What is the remainder when 481724 is divided by 465?
449
Calculate the remainder when 1319433 is divided by 2279.
2171
Calculate the remainder when 91010 is divided by 431.
69
What is the remainder when 44930310 is divided by 2364752?
22
What is the remainder when 11564444 is divided by 5782170?
104
What is the remainder when 19411852 is divided by 258824?
52
Calculate the remainder when 10302367 is divided by 1549.
1517
Calculate the remainder when 14845507 is divided by 265.
207
Calculate the remainder when 147635 is divided by 539.
488
What is the remainder when 9523880 is divided by 14452?
12
What is the remainder when 86940766 is divided by 515?
11
Calculate the remainder when 7219 is divided by 5161.
2058
What is the remainder when 3386876 is divided by 483837?
17
Calculate the remainder when 61627 is divided by 649.
621
What is the remainder when 1281972 is divided by 3142?
36
Calculate the remainder when 1553706 is divided by 381.
369
Calculate the remainder when 75752 is divided by 441.
341
Calculate the remainder when 966881 is divided by 47.
44
What is the remainder when 6480 is divided by 2239?
2002
Calculate the remainder when 19368248 is divided by 550.
548
What is the remainder when 17614 is divided by 1843?
1027
Calculate the remainder when 192979 is divided by 192674.
305
Calculate the remainder when 1052261 is divided by 8.
5
What is the remainder when 850354 is divided by 212496?
370
Calculate the remainder when 734052 is divided by 200.
52
Calculate the remainder when 817601 is divided by 8790.
131
Calculate the remainder when 408119113 is divided by 3809.
3808
What is the remainder when 28528 is divided by 23425?
5103
Calculate the remainder when 73376561 is divided by 24.
17
Calculate the remainder when 942595 is divided by 193.
176
Calculate the remainder when 276228081 is divided by 79.
78
Calculate the remainder when 442402764 is divided by 93.
90
What is the remainder when 8473912 is divided by 14?
6
Calculate the remainder when 1836410 is divided by 1793.
378
What is the remainder when 682376 is divided by 20067?
98
Calculate the remainder when 296926 is divided by 1760.
1246
Calculate the remainder when 241762 is divided by 241745.
17
What is the remainder when 427352 is divided by 160?
152
Calculate the remainder when 22329 is divided by 3720.
9
What is the remainder when 22763 is divided by 880?
763
What is the remainder when 1149114 is divided by 164068?
638
What is the remainder when 20323467 is divided by 2530?
2507
What is the remainder when 5479519 is divided by 90?
49
Calculate the remainder when 175986222 is divided by 1395.
1392
Calculate the remainder when 12121887 is divided by 751.
747
What is the remainder when 780036 is divided by 1818?
114
Calculate the remainder when 80390 is divided by 137.
108
What is the remainder when 155206316 is divided by 80?
76
What is the remainder when 24151656 is divided by 130?
126
What is the remainder when 11996024 is divided by 196656?
8
Calculate the remainder when 243546013 is divided by 335.
8
Calculate the remainder when 759139 is divided by 108436.
87
What is the remainder when 76139 is divided by 10?
9
Calculate the remainder when 20938348 is divided by 6979365.
253
What is the remainder when 77413 is divided by 110?
83
Calculate the remainder when 13204897 i